**2 + 611*k + 62. Give z(-9).
719
Let l(a) = -62*a**3 - 2*a**2 - 9280*a - 9279. Give l(-1).
61
Let b(t) = 2149*t - 66648. Calculate b(31).
-29
Let q(d) = -26*d**3 + 11*d**2 - 1165*d - 5797. Calculate q(-5).
3553
Let z(t) = -6*t**2 - 746*t + 507. Give z(-125).
7
Let x(h) = h**2 + 96*h + 1877. Give x(-37).
-306
Let t(j) = -5*j**3 + 2*j**2 + 409*j - 1988. Give t(5).
-518
Let g(o) = -71*o**3 - 572*o**2 + 137*o + 1354. Determine g(-8).
2
Let h(d) = -7*d**2 + 93*d + 17. Calculate h(14).
-53
Let m(b) = -b**3 - 20*b**2 + 12*b + 408. Calculate m(-19).
-181
Let u(w) = -158*w**2 - 1092*w + 7. What is u(-7)?
-91
Let f(n) = n**3 - 24*n**2 + 47*n - 552. Calculate f(23).
0
Let w(z) = -1210*z + 377. What is w(2)?
-2043
Let n(p) = -20789*p + 186945. Determine n(9).
-156
Let u(r) = -3*r**2 - 1053*r + 8583. Give u(8).
-33
Let n(l) = -l**2 + 73*l + 5603. Calculate n(114).
929
Let y(c) = -383*c - 52936. Determine y(-138).
-82
Let s(x) = 3240*x - 100467. Calculate s(31).
-27
Let g(a) = a**3 - 1522*a**2 - 86735*a + 10. What is g(-55)?
10
Let k(x) = 47519*x + 142520. Determine k(-3).
-37
Let x(r) = -2*r**3 - 597*r**2 + 366*r + 20042. Give x(-299).
9
Let o(h) = 13*h**3 - 5356*h**2 + 112*h - 46142. Calculate o(412).
2
Let h(u) = u**2 + 393*u + 38354. Calculate h(-218).
204
Let v(l) = 3*l**2 - 1425*l + 74729. What is v(60)?
29
Let n(g) = -49*g - 780. Calculate n(-22).
298
Let n(o) = 156815*o + 2038588. What is n(-13)?
-7
Let y(t) = 8*t**3 + 4632*t**2 + 307*t + 177747. What is y(-579)?
-6
Let g(t) = 2634*t - 74358. Give g(29).
2028
Let q(d) = d**2 - 50*d - 831. Give q(-13).
-12
Let i(s) = -s**3 - 343*s**2 + 1460*s + 25126. Give i(-347).
142
Let u(j) = j**3 - 103*j**2 + 584*j + 712. Determine u(97).
906
Let m(g) = g**3 + 23*g**2 - 184*g + 814. Calculate m(-30).
34
Let a(v) = -160335*v - 160342. Calculate a(-1).
-7
Let b(p) = 5*p**2 - 23*p - 319. What is b(14)?
339
Let k(m) = 33*m**2 - 5009*m + 8847. Determine k(150).
-3
Let s(x) = 10*x**3 + 27*x**2 - 473*x - 502. Calculate s(-1).
-12
Let z(w) = 4249*w - 42491. What is z(10)?
-1
Let w(r) = -r**2 - 449*r + 10398. Calculate w(21).
528
Let i(h) = 6*h**2 - 3387*h + 24268. Determine i(557).
-797
Let c(y) = y**3 - 222*y**2 + 685*y - 102545. Give c(221).
-1
Let r(h) = 42923*h - 429230. Determine r(10).
0
Let v(l) = l**2 - 37*l - 407. Determine v(18).
-749
Let f(a) = 82511*a - 70464394. Give f(854).
0
Let x(w) = -6*w**2 + 4020*w - 12055. Give x(3).
-49
Let u(h) = -h**3 + 45*h**2 - 433*h + 11017. What is u(41)?
-12
Let p(m) = -m**3 - 237*m**2 - 13977*m - 886. Determine p(-127).
3
Let v(d) = 51*d**2 - 241*d + 151. Calculate v(4).
3
Let w(v) = v**3 + 535*v**2 + 30147*v + 1404. Give w(-471).
-9
Let l(n) = 2*n**3 + 82*n**2 - 613*n - 2. Calculate l(8).
1366
Let k(y) = y**3 + 49*y**2 + 452*y + 1251. Calculate k(-38).
-41
Let n(k) = -2*k**3 + 211*k**2 + 358*k - 152. Calculate n(-2).
-8
Let o(p) = 5875*p - 5854. What is o(1)?
21
Let g(a) = 2*a**2 + 746*a + 69481. Calculate g(-180).
1
Let n(m) = -m**2 - 178*m - 6829. Determine n(-44).
-933
Let r(d) = 548*d - 470. Calculate r(0).
-470
Let m(y) = -3*y**3 + 43*y**2 + 149*y - 205. Calculate m(17).
16
Let v(k) = 5*k**3 + 401*k**2 + 70*k - 792. Determine v(-80).
8
Let l(o) = -26505*o + 477013. Give l(18).
-77
Let v(k) = -k**3 + 6*k**2 + 660*k - 5348. Give v(8).
-196
Let q(i) = -i**2 + 2829*i - 11277. Determine q(4).
23
Let i(n) = 17369*n + 3699677. Calculate i(-213).
80
Let y(g) = -2*g**2 + 15049*g + 60232. Determine y(-4).
4
Let c(w) = -w**3 - 61*w**2 - 237*w - 14431. Calculate c(-61).
26
Let g(i) = 69019*i + 138121. Give g(-2).
83
Let r(i) = 2*i**3 + 100*i**2 - 1208*i - 469. What is r(-60)?
11
Let d(k) = -4609*k - 1972711. Determine d(-428).
-59
Let v(g) = 20088*g + 1285643. Give v(-64).
11
Let w(r) = 11*r**2 + 1563*r - 3023. Give w(-144).
1
Let f(w) = 4633*w - 23263. Calculate f(5).
-98
Let h(j) = -213*j**2 + 1291*j + 78. Determine h(6).
156
Let u(n) = -1635*n - 45738. Give u(-28).
42
Let u(h) = 664688*h - 19275944. Calculate u(29).
8
Let w(l) = 2*l**2 - 473*l + 20682. Calculate w(58).
-24
Let f(w) = 444*w + 69. Give f(3).
1401
Let k(v) = -11*v**3 - 208*v**2 - 9*v - 543. What is k(-19)?
-11
Let l(a) = -3*a**2 + 556*a - 7036. Determine l(172).
-156
Let r(j) = -4*j**3 - 46*j**2 + 326*j - 187. What is r(6)?
-751
Let p(q) = -q**3 - 1610*q**2 - 901*q + 1139178. What is p(-1609)?
6
Let t(n) = -17*n**2 - 2121*n + 15040. Give t(7).
-640
Let c(z) = 12*z**2 - 255*z + 6. Give c(15).
-1119
Let h(u) = -3*u**2 - 11699*u + 46842. What is h(4)?
-2
Let z(b) = -1830*b - 64026. Determine z(-35).
24
Let a(d) = -7*d**3 - 156*d**2 - 35*d + 204. Calculate a(-22).
6
Let l(a) = a**2 - 3525*a - 247990. Give l(-69).
-4
Let k(b) = 9039*b - 189848. What is k(21)?
-29
Let t(i) = i**2 - 445*i - 80431. Calculate t(-138).
23
Let d(n) = -5*n**2 - 1351*n - 74379. What is d(-77)?
3
Let t(g) = 798*g - 29763. What is t(38)?
561
Let s(w) = 28949*w - 984280. What is s(34)?
-14
Let o(v) = -589*v + 1395. What is o(2)?
217
Let i(t) = 2*t**3 + 204*t**2 - 1292*t + 407. Give i(-108).
-25
Let q(x) = -1847*x + 50345. Calculate q(26).
2323
Let v(q) = -43288*q + 19652764. What is v(454)?
12
Let q(h) = 2569*h + 7569. What is q(-3)?
-138
Let x(v) = -80*v**3 - 2*v**2 + 14. What is x(2)?
-634
Let w(z) = -46691*z + 793753. Determine w(17).
6
Let w(h) = -463*h + 67131. Determine w(145).
-4
Let t(z) = 27063*z + 49308799. Give t(-1822).
13
Let b(l) = -l**3 - 18*l**2 - 106*l - 718. Determine b(-14).
-18
Let f(g) = -g**3 - 22*g**2 + 178*g + 208. Calculate f(-25).
-2367
Let m(n) = 39356*n - 26840779. What is m(682)?
13
Let v(o) = 9649*o - 569553. Calculate v(59).
-262
Let m(j) = -4*j**3 + 58*j**2 + 10*j + 39. Give m(15).
-261
Let f(n) = -9*n**3 - 15*n**2 - 3*n - 6. Determine f(-2).
12
Let t(q) = -5*q**3 - 732*q**2 + 4416*q + 5. Determine t(6).
-931
Let j(g) = -2*g**3 - 8*g**2 - 31*g + 14. Calculate j(-9).
1103
Let y(i) = 3*i**3 - 1925*i**2 + 113985*i - 191. What is y(66)?
7
Let m(y) = -475253*y - 3326778. Give m(-7).
-7
Let x(v) = -2*v**2 - 2623*v - 17980. What is x(-7)?
283
Let w(x) = -6*x**3 - 6*x + 13. Determine w(3).
-167
Let b(d) = d**2 - 92*d + 963. Give b(80).
3
Let z(o) = -9*o**2 - 483*o + 1004. Give z(-58).
-1258
Let r(n) = -125*n - 125. Calculate r(-10).
1125
Let m(y) = 112553*y - 4277019. Give m(38).
-5
Let o(x) = x**3 - 208*x**2 - 1486*x + 146. Calculate o(-7).
13
Let w(t) = -3732*t - 10854. What is w(-3)?
342
Let v(c) = 3*c**3 + 831*c**2 + 4079*c - 96. Determine v(-272).
176
Let t(i) = -4*i**2 - 270*i + 5361. Determine t(-82).
605
Let n(b) = -b - 1015. Give n(74).
-1089
Let m(q) = 20*q - 382. Give m(18).
-22
Let m(u) = -527*u + 24862. Determine m(48).
-434
Let n(s) = -840*s + 29781. Calculate n(38).
-2139
Let n(s) = 5*s**2 + 76*s - 538. Calculate n(7).
239
Let x(m) = -454*m**2 - 4513*m + 20. Calculate x(-10).
-250
Let m(x) = -2*x**3 - 12*x**2 - 814*x - 5694. Calculate m(-7).
102
Let r(u) = -u**2 - 400*u - 27059. Determine r(-86).
-55
Let c(l) = 9663*l + 241405. Determine c(-25).
-170
Let f(n) = -22327*n + 446537. Give f(20).
-3
Let i(a) = -932*a + 7002. What is i(7)?
478
Let g(m) = -m**3 + 246*m**2 + 506*m - 63991. What is g(247)?
-18
Let v(f) = f**3 + 61*f**2 + 438*f - 38. Calculate v(-10).
682
Let s(g) = 3*g**2 + 70285*g + 1544811. Determine s(-22).
-7
Let q(g) = 8*g - 2113. What is q(6)?
-2065
Let k(x) = -x**3 + 15*x**2 + 85*x - 612. Determine k(14).
774
Let g(c) = 78*c**2 + 5925*c - 46. What is g(-76)?
182
Let t(a) = a**2 + 6142*a - 12280. Determine t(2).
8
Let z(u) = -u**3 + 791*u**2 + 3271*u + 357. Calculate z(-4).
-7
Let j(h) = -48769*h + 341221. Determine j(7).
-162
Let h(q) = 86853*q - 955354. Calculate h(11).
29
Let f(y) = -3*y**2 + 135*y - 526. Calculate f(4).
-34
Let v(d) = -180995*d - 904975. Calculate v(-5).
0
Let r(q) = 6*q**2 - 5891*q - 83642. Calculate r(-14).
8
Let t(u) = u**3 + 286*u**2 - 10543*u - 5100. Determine t(-319).
4
Let m(d) = -d**2 - 1268311*d - 10. Give m(0).
-10
Let b(j) = j**3 + 1152*j**2 - 16333*j - 10445. What is b(-1166)?
49
Let r(c) = -c**3 - 29*c**2 + 101*c - 2438. Determine r(-34).
-92
Let a(o) = -6*o**3 + o**2 - 58*o - 2250. What is a(0)?
-2250
Let f(u) = u**3 - 27*u**2 - 190*u + 6513. Give f(19).
15
Let m(k) = -126*k + 4230. Determine m(28).
702
Let r(n) = -161*n - 9874. Give r(-65).
591
Let l(k)